{"id":8118,"date":"2020-01-02T07:24:15","date_gmt":"2020-01-02T07:24:15","guid":{"rendered":"http:\/\/martha.org.mx\/una-politica-con-causa\/?page_id=8118"},"modified":"2020-01-02T07:24:16","modified_gmt":"2020-01-02T07:24:16","slug":"arte-4","status":"publish","type":"page","link":"https:\/\/martha.org.mx\/una-politica-con-causa\/arte-4\/","title":{"rendered":"Arte"},"content":{"rendered":"\n<p>Otro de mis gustos, es aquel que me nace de ver, escuchar y apreciar el arte.   <\/p>\n\n\n\n<p>Desde el cine, visitar museos, ver esculturas, pinturas, la historia reflejada a trav\u00e9s del arte. <\/p>\n\n\n\n<p>Aqu\u00ed podr\u00e1n ver algo de <a href=\"https:\/\/martha.org.mx\/una-politica-con-causa\/category\/cine\/\">cine<\/a>, <a href=\"https:\/\/martha.org.mx\/una-politica-con-causa\/category\/arte\/\">arte <\/a>y <a href=\"https:\/\/martha.org.mx\/una-politica-con-causa\/category\/viajes\/\">m\u00e1s<\/a>. <\/p>\n","protected":false},"excerpt":{"rendered":"<p>Otro de mis gustos, es aquel que me nace de ver, escuchar y apreciar el arte. Desde el cine, visitar museos, ver esculturas, pinturas, la historia reflejada a trav\u00e9s del arte. Aqu\u00ed podr\u00e1n ver algo de cine, arte y m\u00e1s.<\/p>\n","protected":false},"author":1,"featured_media":0,"parent":0,"menu_order":0,"comment_status":"closed","ping_status":"closed","template":"","meta":{"om_disable_all_campaigns":false,"_monsterinsights_skip_tracking":false,"_monsterinsights_sitenote_active":false,"_monsterinsights_sitenote_note":"","_monsterinsights_sitenote_category":0,"footnotes":""},"class_list":["post-8118","page","type-page","status-publish","hentry"],"aioseo_notices":[],"_links":{"self":[{"href":"https:\/\/martha.org.mx\/una-politica-con-causa\/wp-json\/wp\/v2\/pages\/8118","targetHints":{"allow":["GET"]}}],"collection":[{"href":"https:\/\/martha.org.mx\/una-politica-con-causa\/wp-json\/wp\/v2\/pages"}],"about":[{"href":"https:\/\/martha.org.mx\/una-politica-con-causa\/wp-json\/wp\/v2\/types\/page"}],"author":[{"embeddable":true,"href":"https:\/\/martha.org.mx\/una-politica-con-causa\/wp-json\/wp\/v2\/users\/1"}],"replies":[{"embeddable":true,"href":"https:\/\/martha.org.mx\/una-politica-con-causa\/wp-json\/wp\/v2\/comments?post=8118"}],"version-history":[{"count":1,"href":"https:\/\/martha.org.mx\/una-politica-con-causa\/wp-json\/wp\/v2\/pages\/8118\/revisions"}],"predecessor-version":[{"id":8119,"href":"https:\/\/martha.org.mx\/una-politica-con-causa\/wp-json\/wp\/v2\/pages\/8118\/revisions\/8119"}],"wp:attachment":[{"href":"https:\/\/martha.org.mx\/una-politica-con-causa\/wp-json\/wp\/v2\/media?parent=8118"}],"curies":[{"name":"wp","href":"https:\/\/api.w.org\/{rel}","templated":true}]}}