{"id":8104,"date":"2020-01-02T06:51:53","date_gmt":"2020-01-02T06:51:53","guid":{"rendered":"http:\/\/martha.org.mx\/una-politica-con-causa\/?page_id=8104"},"modified":"2020-01-03T18:42:07","modified_gmt":"2020-01-03T18:42:07","slug":"misiones-en-el-extranjero","status":"publish","type":"page","link":"https:\/\/martha.org.mx\/una-politica-con-causa\/misiones-en-el-extranjero\/","title":{"rendered":"Misiones en el extranjero"},"content":{"rendered":"\n<p>Como parte del trabajo en la Subsecretar\u00eda para Asuntos Multilaterales y Derechos Humanos, la subsecretaria Martha Delgado realiza viajes de trabajo al extranjero para posicionar la agenda de pol\u00edtica exterior multilateral de M\u00e9xico. <\/p>\n\n\n\n<p>Adem\u00e1s de la participaci\u00f3n en diferentes de foros, conferencias y eventos internacionales, con diferentes organismos, agencias de ONU y m\u00e1s. <\/p>\n\n\n\n<p><a href=\"https:\/\/martha.org.mx\/una-politica-con-causa\/category\/ssmh\/misiones-en-el-extranjero-ssmh\/\">Aqu\u00ed podr\u00e1n<\/a> revisar el resumen de algunos de estos viajes, as\u00ed como fotos y algunos datos interesantes. <\/p>\n","protected":false},"excerpt":{"rendered":"<p>Como parte del trabajo en la Subsecretar\u00eda para Asuntos Multilaterales y Derechos Humanos, la subsecretaria Martha Delgado realiza viajes de trabajo al extranjero para posicionar la agenda de pol\u00edtica exterior multilateral de M\u00e9xico. Adem\u00e1s de la participaci\u00f3n en diferentes de foros, conferencias y eventos internacionales, con diferentes organismos, agencias de ONU y m\u00e1s. Aqu\u00ed podr\u00e1n&hellip;<\/p>\n<p class=\"more-link\"><a href=\"https:\/\/martha.org.mx\/una-politica-con-causa\/misiones-en-el-extranjero\/\" class=\"themebutton\">Read More<\/a><\/p>\n","protected":false},"author":1,"featured_media":0,"parent":0,"menu_order":0,"comment_status":"closed","ping_status":"closed","template":"","meta":{"om_disable_all_campaigns":false,"_monsterinsights_skip_tracking":false,"_monsterinsights_sitenote_active":false,"_monsterinsights_sitenote_note":"","_monsterinsights_sitenote_category":0,"footnotes":""},"class_list":["post-8104","page","type-page","status-publish","hentry"],"aioseo_notices":[],"_links":{"self":[{"href":"https:\/\/martha.org.mx\/una-politica-con-causa\/wp-json\/wp\/v2\/pages\/8104","targetHints":{"allow":["GET"]}}],"collection":[{"href":"https:\/\/martha.org.mx\/una-politica-con-causa\/wp-json\/wp\/v2\/pages"}],"about":[{"href":"https:\/\/martha.org.mx\/una-politica-con-causa\/wp-json\/wp\/v2\/types\/page"}],"author":[{"embeddable":true,"href":"https:\/\/martha.org.mx\/una-politica-con-causa\/wp-json\/wp\/v2\/users\/1"}],"replies":[{"embeddable":true,"href":"https:\/\/martha.org.mx\/una-politica-con-causa\/wp-json\/wp\/v2\/comments?post=8104"}],"version-history":[{"count":2,"href":"https:\/\/martha.org.mx\/una-politica-con-causa\/wp-json\/wp\/v2\/pages\/8104\/revisions"}],"predecessor-version":[{"id":8125,"href":"https:\/\/martha.org.mx\/una-politica-con-causa\/wp-json\/wp\/v2\/pages\/8104\/revisions\/8125"}],"wp:attachment":[{"href":"https:\/\/martha.org.mx\/una-politica-con-causa\/wp-json\/wp\/v2\/media?parent=8104"}],"curies":[{"name":"wp","href":"https:\/\/api.w.org\/{rel}","templated":true}]}}