{"id":8077,"date":"2020-01-02T05:39:09","date_gmt":"2020-01-02T05:39:09","guid":{"rendered":"http:\/\/martha.org.mx\/una-politica-con-causa\/?page_id=8077"},"modified":"2022-10-13T22:23:29","modified_gmt":"2022-10-13T22:23:29","slug":"audio-y-video","status":"publish","type":"page","link":"https:\/\/martha.org.mx\/una-politica-con-causa\/audio-y-video\/","title":{"rendered":"Multimedia"},"content":{"rendered":"\n<p>En este apartado podr\u00e1n encontrar audios y videos que he generado en diferentes actividades que he realizado, as\u00ed doy a conocer lugares, historias, tradiciones y m\u00e1s cosas. <\/p>\n\n\n\n<p>Adem\u00e1s hay videos semanales de las actividades que se realizan en la Subsecretar\u00eda para Asuntos Multilaterales y Derechos Humanos. Y algunos otros que son de inter\u00e9s general en los temas de la agenda de pol\u00edtica exterior multilateral. <\/p>\n\n\n\n<p><a href=\"https:\/\/martha.org.mx\/una-politica-con-causa\/category\/galeria-de-audio-y-video\/\">Aqu\u00ed podr\u00e1s ver cada uno de ellos. <\/a><\/p>\n\n\n\n<figure class=\"wp-block-image size-large is-resized\"><img loading=\"lazy\" decoding=\"async\" src=\"https:\/\/martha.org.mx\/una-politica-con-causa\/wp-content\/uploads\/2022\/10\/photo1665158725-3-1-1024x576.jpeg\" alt=\"\" class=\"wp-image-13186\" width=\"512\" height=\"288\" srcset=\"https:\/\/martha.org.mx\/una-politica-con-causa\/wp-content\/uploads\/2022\/10\/photo1665158725-3-1-1024x576.jpeg 1024w, https:\/\/martha.org.mx\/una-politica-con-causa\/wp-content\/uploads\/2022\/10\/photo1665158725-3-1-300x169.jpeg 300w, https:\/\/martha.org.mx\/una-politica-con-causa\/wp-content\/uploads\/2022\/10\/photo1665158725-3-1-768x432.jpeg 768w, https:\/\/martha.org.mx\/una-politica-con-causa\/wp-content\/uploads\/2022\/10\/photo1665158725-3-1.jpeg 1280w\" sizes=\"auto, (max-width: 512px) 100vw, 512px\" \/><\/figure>\n","protected":false},"excerpt":{"rendered":"<p>En este apartado podr\u00e1n encontrar audios y videos que he generado en diferentes actividades que he realizado, as\u00ed doy a conocer lugares, historias, tradiciones y m\u00e1s cosas. Adem\u00e1s hay videos semanales de las actividades que se realizan en la Subsecretar\u00eda para Asuntos Multilaterales y Derechos Humanos. Y algunos otros que son de inter\u00e9s general en&hellip;<\/p>\n<p class=\"more-link\"><a href=\"https:\/\/martha.org.mx\/una-politica-con-causa\/audio-y-video\/\" class=\"themebutton\">Read More<\/a><\/p>\n","protected":false},"author":1,"featured_media":0,"parent":0,"menu_order":0,"comment_status":"closed","ping_status":"closed","template":"","meta":{"om_disable_all_campaigns":false,"_monsterinsights_skip_tracking":false,"_monsterinsights_sitenote_active":false,"_monsterinsights_sitenote_note":"","_monsterinsights_sitenote_category":0,"footnotes":""},"class_list":["post-8077","page","type-page","status-publish","hentry"],"aioseo_notices":[],"_links":{"self":[{"href":"https:\/\/martha.org.mx\/una-politica-con-causa\/wp-json\/wp\/v2\/pages\/8077","targetHints":{"allow":["GET"]}}],"collection":[{"href":"https:\/\/martha.org.mx\/una-politica-con-causa\/wp-json\/wp\/v2\/pages"}],"about":[{"href":"https:\/\/martha.org.mx\/una-politica-con-causa\/wp-json\/wp\/v2\/types\/page"}],"author":[{"embeddable":true,"href":"https:\/\/martha.org.mx\/una-politica-con-causa\/wp-json\/wp\/v2\/users\/1"}],"replies":[{"embeddable":true,"href":"https:\/\/martha.org.mx\/una-politica-con-causa\/wp-json\/wp\/v2\/comments?post=8077"}],"version-history":[{"count":5,"href":"https:\/\/martha.org.mx\/una-politica-con-causa\/wp-json\/wp\/v2\/pages\/8077\/revisions"}],"predecessor-version":[{"id":13187,"href":"https:\/\/martha.org.mx\/una-politica-con-causa\/wp-json\/wp\/v2\/pages\/8077\/revisions\/13187"}],"wp:attachment":[{"href":"https:\/\/martha.org.mx\/una-politica-con-causa\/wp-json\/wp\/v2\/media?parent=8077"}],"curies":[{"name":"wp","href":"https:\/\/api.w.org\/{rel}","templated":true}]}}