{"id":7594,"date":"2019-12-27T18:28:15","date_gmt":"2019-12-27T18:28:15","guid":{"rendered":"http:\/\/martha.org.mx\/una-politica-con-causa\/?page_id=7594"},"modified":"2023-06-14T21:05:16","modified_gmt":"2023-06-14T21:05:16","slug":"galeria-de-fotos","status":"publish","type":"page","link":"https:\/\/martha.org.mx\/una-politica-con-causa\/galeria-de-fotos\/","title":{"rendered":"Galer\u00eda de fotos"},"content":{"rendered":"\n<p>En este apartado podr\u00e1s encontrar las galer\u00edas de fotos de las reuniones, encuentros, comisiones al exterior y m\u00e1s, donde participa o encabeza Martha Delgado realizados en la Subsecretar\u00eda para Asuntos Multilaterales y Derechos Humanos de la Secretar\u00eda de Relaciones Exteriores.<\/p>\n\n\n\n<p><a href=\"https:\/\/martha.org.mx\/una-politica-con-causa\/category\/galeria-de-fotos-eventos\/\">Galer\u00eda de fotos. <\/a><\/p>\n\n\n\n<p><\/p>\n\n\n\n<figure class=\"wp-block-image size-large is-resized\"><a href=\"https:\/\/martha.org.mx\/una-politica-con-causa\/category\/galeria-de-fotos-eventos\/\"><img loading=\"lazy\" decoding=\"async\" src=\"https:\/\/martha.org.mx\/una-politica-con-causa\/wp-content\/uploads\/2022\/10\/photo1665158725-5-1024x576.jpeg\" alt=\"\" class=\"wp-image-13184\" width=\"512\" height=\"288\" srcset=\"https:\/\/martha.org.mx\/una-politica-con-causa\/wp-content\/uploads\/2022\/10\/photo1665158725-5-1024x576.jpeg 1024w, https:\/\/martha.org.mx\/una-politica-con-causa\/wp-content\/uploads\/2022\/10\/photo1665158725-5-300x169.jpeg 300w, https:\/\/martha.org.mx\/una-politica-con-causa\/wp-content\/uploads\/2022\/10\/photo1665158725-5-768x432.jpeg 768w, https:\/\/martha.org.mx\/una-politica-con-causa\/wp-content\/uploads\/2022\/10\/photo1665158725-5.jpeg 1280w\" sizes=\"auto, (max-width: 512px) 100vw, 512px\" \/><\/a><\/figure>\n","protected":false},"excerpt":{"rendered":"<p>En este apartado podr\u00e1s encontrar las galer\u00edas de fotos de las reuniones, encuentros, comisiones al exterior y m\u00e1s, donde participa o encabeza Martha Delgado realizados en la Subsecretar\u00eda para Asuntos Multilaterales y Derechos Humanos de la Secretar\u00eda de Relaciones Exteriores. Galer\u00eda de fotos.<\/p>\n","protected":false},"author":1,"featured_media":0,"parent":0,"menu_order":0,"comment_status":"closed","ping_status":"closed","template":"","meta":{"om_disable_all_campaigns":false,"_monsterinsights_skip_tracking":false,"_monsterinsights_sitenote_active":false,"_monsterinsights_sitenote_note":"","_monsterinsights_sitenote_category":0,"footnotes":""},"class_list":["post-7594","page","type-page","status-publish","hentry"],"aioseo_notices":[],"_links":{"self":[{"href":"https:\/\/martha.org.mx\/una-politica-con-causa\/wp-json\/wp\/v2\/pages\/7594","targetHints":{"allow":["GET"]}}],"collection":[{"href":"https:\/\/martha.org.mx\/una-politica-con-causa\/wp-json\/wp\/v2\/pages"}],"about":[{"href":"https:\/\/martha.org.mx\/una-politica-con-causa\/wp-json\/wp\/v2\/types\/page"}],"author":[{"embeddable":true,"href":"https:\/\/martha.org.mx\/una-politica-con-causa\/wp-json\/wp\/v2\/users\/1"}],"replies":[{"embeddable":true,"href":"https:\/\/martha.org.mx\/una-politica-con-causa\/wp-json\/wp\/v2\/comments?post=7594"}],"version-history":[{"count":4,"href":"https:\/\/martha.org.mx\/una-politica-con-causa\/wp-json\/wp\/v2\/pages\/7594\/revisions"}],"predecessor-version":[{"id":13674,"href":"https:\/\/martha.org.mx\/una-politica-con-causa\/wp-json\/wp\/v2\/pages\/7594\/revisions\/13674"}],"wp:attachment":[{"href":"https:\/\/martha.org.mx\/una-politica-con-causa\/wp-json\/wp\/v2\/media?parent=7594"}],"curies":[{"name":"wp","href":"https:\/\/api.w.org\/{rel}","templated":true}]}}