{"id":7584,"date":"2019-12-27T18:10:17","date_gmt":"2019-12-27T18:10:17","guid":{"rendered":"http:\/\/martha.org.mx\/una-politica-con-causa\/?page_id=7584"},"modified":"2019-12-27T18:21:04","modified_gmt":"2019-12-27T18:21:04","slug":"resumen-de-participacion-en-eventos-internacionales","status":"publish","type":"page","link":"https:\/\/martha.org.mx\/una-politica-con-causa\/resumen-de-participacion-en-eventos-internacionales\/","title":{"rendered":"Actividades internacionales"},"content":{"rendered":"\n<p>Estos son algunos de los <a href=\"https:\/\/martha.org.mx\/una-politica-con-causa\/category\/actividad-internacional\/\">eventos internacionales<\/a> en los que ha participado Martha Delgado desde 1995, en sus diferentes roles desempe\u00f1ados:<\/p>\n\n\n\n<ul class=\"wp-block-list\"><li>Singapore International Water Week (SIWW), 2016<\/li><li>Foro de Ciudades CELAC \u2013 Uni\u00f3n Europea. Bruselas, B\u00e9lgica, Junio de 2015.<\/li><li>Women for Climate Tribune. Skhirat, Marruecos, en Mayo de 2015.<\/li><li>World Summit for Regions R20. Paris, Francia, en Octubre de 2014.<\/li><li>Conferencia en Globe 2014. Vancouver, Canad\u00e1, en Marzo de 2014.<\/li><li>Ecocities World Summit 2013. Nantes, Francia, en Septiembre 2013.<\/li><li>Conferencia sobre Calidad del Aire en la Ciudad de M\u00e9xico. Green Week 2013, en Junio de 2013.<\/li><li>Ceremonia de Premiaci\u00f3n del Earth Hour City Challenge de WWF. M\u00e4lmo, Suecia, en Marzo de 2013.<\/li><li>Cumbre sobre Ciudades y Cambio Clim\u00e1tico, Bogot\u00e1, Colombia, Noviembre de 2012.<\/li><li>Reuni\u00f3n del Comit\u00e9 Ejecutivo de ICLEI. Se\u00fal, Corea, Octubre de 2012.<\/li><li>Presentaci\u00f3n de la Exposici\u00f3n Global \u201cBiodiversidad en Ciudades, Ciudades L\u00edderes en Conservaci\u00f3n de la Biodiversidad\u201d, en el marco de la Und\u00e9cima Reuni\u00f3n de la Conferencia de las Partes sobre Biodiversidad en Hyderabad, India, en Octubre de 2012.<\/li><li>Congreso Mundial de ICLEI. Belo Horizonte, Brasil, Junio de 2012.<\/li><li>Simposio sobre Desarrollo Sustentable del PNUD. Sao Paulo, Brasil, Junio de 2012.<\/li><li>Diecisieteava Conferencia de las Partes de las Naciones Unidas sobre Cambio Clim\u00e1tico, Durban, Sud\u00e1frica, en Diciembre de 2011.<\/li><li>Conferencia en el Zero Emissions Konference, Oslo, Noruega, Noviembre de 2011.<\/li><li>Participaci\u00f3n en la Reuni\u00f3n Anual de la Asociaci\u00f3n Empresarial para Am\u00e9rica Latina. Hamburgo, Alemania, Octubre de 2011.<\/li><li>Congreso Resilient Cities 2011. Bonn, Alemania, Junio de 2011.<\/li><li>Firma del Acuerdo Ciudad de M\u00e9xico \u2013 Roma para la Cooperaci\u00f3n en materia de sustentabilidad Urbana. Roma, Italia, Marzo de 2011.<\/li><li>20 Aniversario de ICLEI. Incheon, Corea, Octubre de 2010.<\/li><li>Quinto Foro Mundial Urbano ONU Habitat, R\u00edo de Janeiro, Marzo de 2010.<\/li><li>ICLEI World Congress en Edmonton, Canad\u00e1. Mayo de 2009. Es electa Vicepresidenta de ICLEI- Gobiernos Locales por la Sustentabilidad.<\/li><li>Quinceava Conferencia de las Partes de las Naciones Unidas sobre Cambio Clim\u00e1tico. Copenhagen, Dinamarca, Diciembre de 2009.<\/li><li>Reuni\u00f3n Mundial del C40, en Se\u00fal Corea, Mayo de 2009.<\/li><li>Quinto Foro Mundial del Agua, en Estambul Turqu\u00eda, Marzo del 2009.<\/li><li>Foro de Alcaldes sobre Desarrollo Urbano Sustentable, Tianjin, China, Noviembre 2007.<\/li><li>Reuni\u00f3n de presentaci\u00f3n de los principales Planes Verdes del Mundo. San Francisco, Estados Unidos, 2007.<\/li><li>Cuarto Foro Mundial del Agua, Ciudad de M\u00e9xico, Marzo de 2006.<\/li><li>Coorganizadora del I Encuentro Latinoamericano por una Nueva Cultura del Agua en Fortaleza, Brasil, Diciembre de 2005.<\/li><li>Asisti\u00f3 como testigo de honor a la firma de la Declaratoria Europea por una Nueva Cultura del Agua, realizada en Madrid, Espa\u00f1a, el 18 de febrero de 2005.<\/li><li>Particip\u00f3 en la Sesi\u00f3n Regional del Programa de Estudios Avanzados en Desarrollo Sostenible y Medio Ambiente \u201cAgricultura sustentable en las econom\u00edas alimentarias globalizadas\u201d realizada en Kent, Inglaterra, en Abril de 2004.<\/li><li>Particip\u00f3 en la Sesi\u00f3n Regional del Programa de Estudios Avanzados en Desarrollo Sostenible y Medio Ambiente \u201cEcoturismo y conservaci\u00f3n: el caso del sistema arrecifal mesoamericano\u201d realizada en Belice y Honduras en Marzo de 2004.<\/li><li>Particip\u00f3 en la Sesi\u00f3n Regional del Programa de Estudios Avanzados en Desarrollo Sostenible y Medio Ambiente \u201cRetos de la Gobernabilidad Socioambiental\u201d realizada en Brasilia, Brasil en Noviembre de 2003.<\/li><li>Particip\u00f3 en el Seminario Internacional sobre Movilidad Urbana en Bogot\u00e1, Colombia, en Febrero de 2003.<\/li><li>Cumbre Mundial sobre el Desarrollo Sostenible de la ONU en Johannesburgo, Sud\u00e1frica en Agosto de 2002.<\/li><li>Particip\u00f3 como representante de la sociedad civil y como delegada mexicana en la IV Conferencia Preparatoria de las Naciones Unidas rumbo a la Cumbre Mundial para el Desarrollo Sustentable, en Bali, Indonesia, 2002.<\/li><li>Fue electa dentro del grupo de 80 j\u00f3venes del mundo que participaron en el Forum of Federations, en Mont Tremblant, Quebec, en octubre de 1999.<\/li><li>Quinta Conferencia de las Partes sobre Cambio Clim\u00e1tico Global, en Bonn, Alemania en Junio de 1999.<\/li><li>Reuni\u00f3n internacional \u201cConstruyendo la Democracia Mundial\u201d, en Nueva Delhi, India, en 1999.<\/li><li>Tercera Conferencia de las Partes de las Naciones Unidas sobre Biodiversidad, en Buenos Aires, Argentina, Noviembre de 1996.<\/li><li>Conferencia de las Naciones Unidas sobre la Mujer, en Beijing, China en 1995.<\/li><\/ul>\n\n\n\n<p>Adem<a href=\"https:\/\/martha.org.mx\/una-politica-con-causa\/category\/actividad-internacional\/\">\u00e1s, aqu\u00ed podr\u00e1n encontrar otras actividades. <\/a><\/p>\n","protected":false},"excerpt":{"rendered":"<p>Estos son algunos de los eventos internacionales en los que ha participado Martha Delgado desde 1995, en sus diferentes roles desempe\u00f1ados: Singapore International Water Week (SIWW), 2016 Foro de Ciudades CELAC \u2013 Uni\u00f3n Europea. Bruselas, B\u00e9lgica, Junio de 2015. Women for Climate Tribune. Skhirat, Marruecos, en Mayo de 2015. World Summit for Regions R20. Paris,&hellip;<\/p>\n<p class=\"more-link\"><a href=\"https:\/\/martha.org.mx\/una-politica-con-causa\/resumen-de-participacion-en-eventos-internacionales\/\" class=\"themebutton\">Read More<\/a><\/p>\n","protected":false},"author":1,"featured_media":3870,"parent":0,"menu_order":0,"comment_status":"closed","ping_status":"closed","template":"","meta":{"om_disable_all_campaigns":false,"_monsterinsights_skip_tracking":false,"_monsterinsights_sitenote_active":false,"_monsterinsights_sitenote_note":"","_monsterinsights_sitenote_category":0,"footnotes":""},"class_list":["post-7584","page","type-page","status-publish","has-post-thumbnail","hentry"],"aioseo_notices":[],"_links":{"self":[{"href":"https:\/\/martha.org.mx\/una-politica-con-causa\/wp-json\/wp\/v2\/pages\/7584","targetHints":{"allow":["GET"]}}],"collection":[{"href":"https:\/\/martha.org.mx\/una-politica-con-causa\/wp-json\/wp\/v2\/pages"}],"about":[{"href":"https:\/\/martha.org.mx\/una-politica-con-causa\/wp-json\/wp\/v2\/types\/page"}],"author":[{"embeddable":true,"href":"https:\/\/martha.org.mx\/una-politica-con-causa\/wp-json\/wp\/v2\/users\/1"}],"replies":[{"embeddable":true,"href":"https:\/\/martha.org.mx\/una-politica-con-causa\/wp-json\/wp\/v2\/comments?post=7584"}],"version-history":[{"count":3,"href":"https:\/\/martha.org.mx\/una-politica-con-causa\/wp-json\/wp\/v2\/pages\/7584\/revisions"}],"predecessor-version":[{"id":7592,"href":"https:\/\/martha.org.mx\/una-politica-con-causa\/wp-json\/wp\/v2\/pages\/7584\/revisions\/7592"}],"wp:featuredmedia":[{"embeddable":true,"href":"https:\/\/martha.org.mx\/una-politica-con-causa\/wp-json\/wp\/v2\/media\/3870"}],"wp:attachment":[{"href":"https:\/\/martha.org.mx\/una-politica-con-causa\/wp-json\/wp\/v2\/media?parent=7584"}],"curies":[{"name":"wp","href":"https:\/\/api.w.org\/{rel}","templated":true}]}}