{"id":13153,"date":"2022-10-06T00:17:51","date_gmt":"2022-10-06T00:17:51","guid":{"rendered":"https:\/\/martha.org.mx\/una-politica-con-causa\/?page_id=13153"},"modified":"2023-02-08T18:52:14","modified_gmt":"2023-02-08T18:52:14","slug":"podcast","status":"publish","type":"page","link":"https:\/\/martha.org.mx\/una-politica-con-causa\/podcast\/","title":{"rendered":"Podcast"},"content":{"rendered":"\n<p>Desde 2021, lanzamos nuestro podcast &#8220;Multilateralismo Eficaz&#8221;. En \u00e9l platicamos sobre los diferentes temas en los que trabajamos desde la SRE, as\u00ed como algunos otros temas de inter\u00e9s. Tenemos desde charlas, entrevistas y algunos son m\u00e1s explicativos. \u00a1No te lo pierdas!<\/p>\n\n\n\n<p>Escucha en Spotify <a href=\"https:\/\/open.spotify.com\/show\/2omzMWIuHjvkBP12x4d0fP?si=d4134e141ecf4177\" target=\"_blank\" rel=\"noopener\" title=\"\">https:\/\/open.spotify.com\/show\/2omzMWIuHjvkBP12x4d0fP?si=d4134e141ecf4177<\/a><\/p>\n\n\n\n<figure class=\"wp-block-image size-large is-resized\"><a href=\"https:\/\/open.spotify.com\/show\/2omzMWIuHjvkBP12x4d0fP?si=d4134e141ecf4177\"><img loading=\"lazy\" decoding=\"async\" src=\"https:\/\/martha.org.mx\/una-politica-con-causa\/wp-content\/uploads\/2022\/10\/photo1665158725-4-1024x576.jpeg\" alt=\"\" class=\"wp-image-13188\" width=\"512\" height=\"288\" srcset=\"https:\/\/martha.org.mx\/una-politica-con-causa\/wp-content\/uploads\/2022\/10\/photo1665158725-4-1024x576.jpeg 1024w, https:\/\/martha.org.mx\/una-politica-con-causa\/wp-content\/uploads\/2022\/10\/photo1665158725-4-300x169.jpeg 300w, https:\/\/martha.org.mx\/una-politica-con-causa\/wp-content\/uploads\/2022\/10\/photo1665158725-4-768x432.jpeg 768w, https:\/\/martha.org.mx\/una-politica-con-causa\/wp-content\/uploads\/2022\/10\/photo1665158725-4.jpeg 1280w\" sizes=\"auto, (max-width: 512px) 100vw, 512px\" \/><\/a><\/figure>\n\n\n\n<p><\/p>\n","protected":false},"excerpt":{"rendered":"<p>Desde 2021, lanzamos nuestro podcast &#8220;Multilateralismo Eficaz&#8221;. En \u00e9l platicamos sobre los diferentes temas en los que trabajamos desde la SRE, as\u00ed como algunos otros temas de inter\u00e9s. Tenemos desde charlas, entrevistas y algunos son m\u00e1s explicativos. \u00a1No te lo pierdas! Escucha en Spotify https:\/\/open.spotify.com\/show\/2omzMWIuHjvkBP12x4d0fP?si=d4134e141ecf4177<\/p>\n","protected":false},"author":1,"featured_media":13151,"parent":0,"menu_order":0,"comment_status":"closed","ping_status":"closed","template":"","meta":{"om_disable_all_campaigns":false,"_monsterinsights_skip_tracking":false,"_monsterinsights_sitenote_active":false,"_monsterinsights_sitenote_note":"","_monsterinsights_sitenote_category":0,"footnotes":""},"class_list":["post-13153","page","type-page","status-publish","has-post-thumbnail","hentry"],"aioseo_notices":[],"_links":{"self":[{"href":"https:\/\/martha.org.mx\/una-politica-con-causa\/wp-json\/wp\/v2\/pages\/13153","targetHints":{"allow":["GET"]}}],"collection":[{"href":"https:\/\/martha.org.mx\/una-politica-con-causa\/wp-json\/wp\/v2\/pages"}],"about":[{"href":"https:\/\/martha.org.mx\/una-politica-con-causa\/wp-json\/wp\/v2\/types\/page"}],"author":[{"embeddable":true,"href":"https:\/\/martha.org.mx\/una-politica-con-causa\/wp-json\/wp\/v2\/users\/1"}],"replies":[{"embeddable":true,"href":"https:\/\/martha.org.mx\/una-politica-con-causa\/wp-json\/wp\/v2\/comments?post=13153"}],"version-history":[{"count":4,"href":"https:\/\/martha.org.mx\/una-politica-con-causa\/wp-json\/wp\/v2\/pages\/13153\/revisions"}],"predecessor-version":[{"id":13390,"href":"https:\/\/martha.org.mx\/una-politica-con-causa\/wp-json\/wp\/v2\/pages\/13153\/revisions\/13390"}],"wp:featuredmedia":[{"embeddable":true,"href":"https:\/\/martha.org.mx\/una-politica-con-causa\/wp-json\/wp\/v2\/media\/13151"}],"wp:attachment":[{"href":"https:\/\/martha.org.mx\/una-politica-con-causa\/wp-json\/wp\/v2\/media?parent=13153"}],"curies":[{"name":"wp","href":"https:\/\/api.w.org\/{rel}","templated":true}]}}