{"id":11998,"date":"2021-07-05T21:43:21","date_gmt":"2021-07-05T21:43:21","guid":{"rendered":"https:\/\/martha.org.mx\/una-politica-con-causa\/?page_id=11998"},"modified":"2022-10-06T18:29:36","modified_gmt":"2022-10-06T18:29:36","slug":"vacunas","status":"publish","type":"page","link":"https:\/\/martha.org.mx\/una-politica-con-causa\/vacunas\/","title":{"rendered":"Pandemia por la Covid-19 y el trabajo de la SRE"},"content":{"rendered":"\n<p>A ra\u00edz de la pandemia provocada por la Covid-19, el Presidente de la Rep\u00fablica instruy\u00f3 a la Canciller\u00eda a traer a M\u00e9xico los insumos m\u00e9dicos y vacunas contra el Sars-CoV- lo antes posible, en apoyo al Sector Salud. La Subsecretar\u00eda de Asuntos Multilaterales y Derechos Humanos a mi cargo, fue la responsable de esta encomienda presidencial.&nbsp; &nbsp;<\/p>\n\n\n\n<p>Bajo el liderazgo del Canciller Marcelo Ebrard, hemos emprendido la misi\u00f3n de mayor importancia de mi carrera: utilizar todos los medios diplom\u00e1ticos posibles para salvar vidas de nuestros compatriotas. Ha sido un viaje de la mayor complejidad posible, pero tambi\u00e9n, de una satisfacci\u00f3n inimaginable.<\/p>\n\n\n\n<p>Durante meses, se puso a trabajar el aparato diplom\u00e1tico de M\u00e9xico a su total capacidad; se utilizaron los carriles multilaterales y bilaterales para adquirir un bien en ese momento inexistente: la vacuna contra la Covid-19.&nbsp; Se decidi\u00f3 apostar por la diversificaci\u00f3n; tener la mayor cantidad de vacunas prometedoras posibles, que adem\u00e1s, pudieran estar en suelo mexicano en el primer trimestre del 2021.<\/p>\n\n\n\n<p>Gracias a la estrategia del Canciller Ebrard y al talento y al trabajo incesante del equipo a mi cargo, el d\u00eda de hoy M\u00e9xico ha podido acceder a 243 millones 930 mil vacunas, que podr\u00e1n atender a 139 millones 660 mil personas. Actualmente, M\u00e9xico es uno de los 10 pa\u00edses en el mundo que ha vacunado a m\u00e1s personas.<\/p>\n\n\n\n<p>La pandemia a\u00fan no finaliza, pero podemos asegurar que hemos dado la batalla de nuestras vidas.<\/p>\n\n\n\n<p>Conteo de vacunas recibidas<\/p>\n\n\n\n<p><a href=\"https:\/\/vacunassre.herokuapp.com\">https:\/\/vacunassre.herokuapp.com<\/a><\/p>\n\n\n\n<p>Para cumplir con las tareas de gobierno abierto, creamos un sitio web para transparentar el trabajo que hemos realizado desde la Subsecretar\u00eda a mi cargo. <\/p>\n\n\n\n<p>Este sitio contiene los acuerdos firmados para la compra de vacunas, as\u00ed como datos relevantes sobre cada una de estas que est\u00e1 siendo aplicada en nuestro pa\u00eds, adem\u00e1s de la informaci\u00f3n sobre todas las donaciones recibidas por nuestro pa\u00eds y que fueron enviadas desde distintos lugares del mundo en solidaridad al combate de la pandemia.<\/p>\n\n\n\n<figure class=\"wp-block-image size-large is-resized\"><a href=\"https:\/\/portales.sre.gob.mx\/transparencia\/plataforma-donaciones-internacionales\"><img loading=\"lazy\" decoding=\"async\" src=\"https:\/\/martha.org.mx\/una-politica-con-causa\/wp-content\/uploads\/2022\/10\/tablas-presentacion-24Mar2022-1024x771.jpg\" alt=\"\" class=\"wp-image-13167\" width=\"768\" height=\"578\" srcset=\"https:\/\/martha.org.mx\/una-politica-con-causa\/wp-content\/uploads\/2022\/10\/tablas-presentacion-24Mar2022-1024x771.jpg 1024w, https:\/\/martha.org.mx\/una-politica-con-causa\/wp-content\/uploads\/2022\/10\/tablas-presentacion-24Mar2022-300x226.jpg 300w, https:\/\/martha.org.mx\/una-politica-con-causa\/wp-content\/uploads\/2022\/10\/tablas-presentacion-24Mar2022-768x578.jpg 768w, https:\/\/martha.org.mx\/una-politica-con-causa\/wp-content\/uploads\/2022\/10\/tablas-presentacion-24Mar2022-1536x1157.jpg 1536w, https:\/\/martha.org.mx\/una-politica-con-causa\/wp-content\/uploads\/2022\/10\/tablas-presentacion-24Mar2022-2048x1542.jpg 2048w, https:\/\/martha.org.mx\/una-politica-con-causa\/wp-content\/uploads\/2022\/10\/tablas-presentacion-24Mar2022-380x285.jpg 380w, https:\/\/martha.org.mx\/una-politica-con-causa\/wp-content\/uploads\/2022\/10\/tablas-presentacion-24Mar2022-285x214.jpg 285w\" sizes=\"auto, (max-width: 768px) 100vw, 768px\" \/><\/a><figcaption>Click en la imagen para acceder al sitio web<\/figcaption><\/figure>\n\n\n\n<p><\/p>\n","protected":false},"excerpt":{"rendered":"<p>A ra\u00edz de la pandemia provocada por la Covid-19, el Presidente de la Rep\u00fablica instruy\u00f3 a la Canciller\u00eda a traer a M\u00e9xico los insumos m\u00e9dicos y vacunas contra el Sars-CoV- lo antes posible, en apoyo al Sector Salud. La Subsecretar\u00eda de Asuntos Multilaterales y Derechos Humanos a mi cargo, fue la responsable de esta encomienda&hellip;<\/p>\n<p class=\"more-link\"><a href=\"https:\/\/martha.org.mx\/una-politica-con-causa\/vacunas\/\" class=\"themebutton\">Read More<\/a><\/p>\n","protected":false},"author":1,"featured_media":0,"parent":0,"menu_order":0,"comment_status":"closed","ping_status":"closed","template":"","meta":{"om_disable_all_campaigns":false,"_monsterinsights_skip_tracking":false,"_monsterinsights_sitenote_active":false,"_monsterinsights_sitenote_note":"","_monsterinsights_sitenote_category":0,"footnotes":""},"class_list":["post-11998","page","type-page","status-publish","hentry"],"aioseo_notices":[],"_links":{"self":[{"href":"https:\/\/martha.org.mx\/una-politica-con-causa\/wp-json\/wp\/v2\/pages\/11998","targetHints":{"allow":["GET"]}}],"collection":[{"href":"https:\/\/martha.org.mx\/una-politica-con-causa\/wp-json\/wp\/v2\/pages"}],"about":[{"href":"https:\/\/martha.org.mx\/una-politica-con-causa\/wp-json\/wp\/v2\/types\/page"}],"author":[{"embeddable":true,"href":"https:\/\/martha.org.mx\/una-politica-con-causa\/wp-json\/wp\/v2\/users\/1"}],"replies":[{"embeddable":true,"href":"https:\/\/martha.org.mx\/una-politica-con-causa\/wp-json\/wp\/v2\/comments?post=11998"}],"version-history":[{"count":5,"href":"https:\/\/martha.org.mx\/una-politica-con-causa\/wp-json\/wp\/v2\/pages\/11998\/revisions"}],"predecessor-version":[{"id":13169,"href":"https:\/\/martha.org.mx\/una-politica-con-causa\/wp-json\/wp\/v2\/pages\/11998\/revisions\/13169"}],"wp:attachment":[{"href":"https:\/\/martha.org.mx\/una-politica-con-causa\/wp-json\/wp\/v2\/media?parent=11998"}],"curies":[{"name":"wp","href":"https:\/\/api.w.org\/{rel}","templated":true}]}}